{"id":11,"date":"2016-08-14T12:31:10","date_gmt":"2016-08-14T12:31:10","guid":{"rendered":"http:\/\/parahorses.com\/?page_id=11"},"modified":"2023-05-02T10:21:12","modified_gmt":"2023-05-02T10:21:12","slug":"pferd-pferd","status":"publish","type":"page","link":"https:\/\/parahorses.com\/?page_id=11","title":{"rendered":"Erfolgspartner Pferd"},"content":{"rendered":"<p>F\u00fcr die Paralympics im September 2016 in Rio de Janeiro sind gleich sieben Pferde qualifiziert, die ich entweder entdeckt oder speziell f\u00fcr diese Herausforderung trainiert habe. Dieser Erfolg best\u00e4tigt mein Konzept und erf\u00fcllt mich mit Stolz. Grund genug, mich auf die Ausbildung und den Verkauf talentierter, hochwertiger Pferde f\u00fcr den Para-Sport zu spezialisieren.<\/p>\n","protected":false},"excerpt":{"rendered":"<p>F\u00fcr die Paralympics im September 2016 in Rio de Janeiro sind gleich sieben Pferde qualifiziert, die ich entweder entdeckt oder speziell f\u00fcr diese Herausforderung trainiert habe. Dieser Erfolg best\u00e4tigt mein Konzept und erf\u00fcllt mich mit Stolz. Grund genug, mich auf die Ausbildung und den Verkauf talentierter, hochwertiger Pferde f\u00fcr den Para-Sport zu spezialisieren.<\/p>\n","protected":false},"author":1,"featured_media":0,"parent":0,"menu_order":0,"comment_status":"closed","ping_status":"closed","template":"","meta":[],"_links":{"self":[{"href":"https:\/\/parahorses.com\/index.php?rest_route=\/wp\/v2\/pages\/11"}],"collection":[{"href":"https:\/\/parahorses.com\/index.php?rest_route=\/wp\/v2\/pages"}],"about":[{"href":"https:\/\/parahorses.com\/index.php?rest_route=\/wp\/v2\/types\/page"}],"author":[{"embeddable":true,"href":"https:\/\/parahorses.com\/index.php?rest_route=\/wp\/v2\/users\/1"}],"replies":[{"embeddable":true,"href":"https:\/\/parahorses.com\/index.php?rest_route=%2Fwp%2Fv2%2Fcomments&post=11"}],"version-history":[{"count":12,"href":"https:\/\/parahorses.com\/index.php?rest_route=\/wp\/v2\/pages\/11\/revisions"}],"predecessor-version":[{"id":178,"href":"https:\/\/parahorses.com\/index.php?rest_route=\/wp\/v2\/pages\/11\/revisions\/178"}],"wp:attachment":[{"href":"https:\/\/parahorses.com\/index.php?rest_route=%2Fwp%2Fv2%2Fmedia&parent=11"}],"curies":[{"name":"wp","href":"https:\/\/api.w.org\/{rel}","templated":true}]}}